{"id":675,"date":"2020-08-31T13:58:28","date_gmt":"2020-08-31T11:58:28","guid":{"rendered":"https:\/\/www.montessoridetom.sk\/?page_id=675"},"modified":"2024-10-09T15:31:11","modified_gmt":"2024-10-09T13:31:11","slug":"hp-test","status":"publish","type":"page","link":"https:\/\/www.montessoridetom.sk\/","title":{"rendered":"Domovsk\u00e1 str\u00e1nka"},"content":{"rendered":"\n<div class=\"section\">\n<img decoding=\"async\" src=\"https:\/\/www.montessoridetom.sk\/wp-content\/uploads\/2020\/05\/md_bg-e1598873839798.jpg\">\n<\/div>\n\n\n\n<div style=\"height:64px\" aria-hidden=\"true\" class=\"wp-block-spacer\"><\/div>\n\n\n\n<div class=\"section intro\">\n<h1>Sme na ceste k Montessori&#8230;<\/h1>\n<div class=\"section intro wrapper\">\n<div class=\"text\">\nSme \u0161t\u00e1tna matersk\u00e1 \u0161kola s Montessori pedagogikou. Na\u0161im poslan\u00edm je vytvori\u0165 pre<br> deti <b>podnetn\u00e9 prostredie, ktor\u00e9 podporuje sebad\u00f4veru a samostatnos\u0165<\/b>, pon\u00faka die\u0165a\u0165u<br> mo\u017enos\u0165 vybera\u0165 si aktivity a postupova\u0165  tak vlastn\u00fdm tempom v pokojnej atmosf\u00e9re.\n<\/div>\n<\/div>\n<div class=\"link\">\n<a href=\"https:\/\/www.montessoridetom.sk\/?page_id=85\">Chcem vedie\u0165 viac<\/a>\n<\/div>\n<\/div>\n\n\n\n<div style=\"height:64px\" aria-hidden=\"true\" class=\"wp-block-spacer\"><\/div>\n\n\n\n<div id=\"quote_hp\">\n\u010co m\u00f4\u017ee n\u00e1js\u0165 die\u0165a v tomto u\u010den\u00ed? <br> &#8220;Plody, z ktor\u00fdch sa m\u00f4\u017ee te\u0161i\u0165 v tejto chv\u00edli, ale aj tak\u00e9, ktor\u00e9 dozrej\u00fa v bud\u00facnosti.&#8221;\n<\/div>\n\n\n\n<div class=\"section\">\n<h1>Novinky<\/h1>\n<\/div>\n\n\n<ul class=\"wp-block-latest-posts__list has-dates wp-block-latest-posts\"><li><div class=\"wp-block-latest-posts__featured-image alignright\"><img loading=\"lazy\" decoding=\"async\" width=\"300\" height=\"147\" src=\"https:\/\/www.montessoridetom.sk\/wp-content\/uploads\/2026\/03\/image-300x147.png\" class=\"attachment-medium size-medium wp-post-image\" alt=\"\" style=\"max-width:250px;max-height:250px;\" srcset=\"https:\/\/www.montessoridetom.sk\/wp-content\/uploads\/2026\/03\/image-300x147.png 300w, https:\/\/www.montessoridetom.sk\/wp-content\/uploads\/2026\/03\/image-520x255.png 520w, https:\/\/www.montessoridetom.sk\/wp-content\/uploads\/2026\/03\/image-360x177.png 360w, https:\/\/www.montessoridetom.sk\/wp-content\/uploads\/2026\/03\/image-250x123.png 250w, https:\/\/www.montessoridetom.sk\/wp-content\/uploads\/2026\/03\/image-100x49.png 100w, https:\/\/www.montessoridetom.sk\/wp-content\/uploads\/2026\/03\/image.png 522w\" sizes=\"(max-width: 300px) 100vw, 300px\" \/><\/div><a class=\"wp-block-latest-posts__post-title\" href=\"https:\/\/www.montessoridetom.sk\/?p=1425\">Program ERASMUS+<\/a><time datetime=\"2026-03-30T21:48:43+02:00\" class=\"wp-block-latest-posts__post-date\">30. marca 2026<\/time><div class=\"wp-block-latest-posts__post-excerpt\">Riadite\u013eka materskej \u0161koly Senick\u00e1 cesta, Janka Polomsk\u00e1, sa z\u00fa\u010dastn\u00ed vzdel\u00e1vacej mobility organizovanej v r\u00e1mci programu ERASMUS+ v hos\u0165uj\u00facej Materskej \u0161kole Montessori v Jablonci nad Nisou (\u010cR) v term\u00edne od 20. apr\u00edla 2026 do 24. apr\u00edla 2026. Vysielaj\u00facou organiz\u00e1ciou je Mesto [&hellip;]<\/div><\/li>\n<li><div class=\"wp-block-latest-posts__featured-image alignright\"><img loading=\"lazy\" decoding=\"async\" width=\"300\" height=\"169\" src=\"https:\/\/www.montessoridetom.sk\/wp-content\/uploads\/2020\/08\/IMG_20190523_093343-300x169.jpg\" class=\"attachment-medium size-medium wp-post-image\" alt=\"\" style=\"max-width:250px;max-height:250px;\" srcset=\"https:\/\/www.montessoridetom.sk\/wp-content\/uploads\/2020\/08\/IMG_20190523_093343-300x169.jpg 300w, https:\/\/www.montessoridetom.sk\/wp-content\/uploads\/2020\/08\/IMG_20190523_093343-520x293.jpg 520w, https:\/\/www.montessoridetom.sk\/wp-content\/uploads\/2020\/08\/IMG_20190523_093343-360x203.jpg 360w, https:\/\/www.montessoridetom.sk\/wp-content\/uploads\/2020\/08\/IMG_20190523_093343-250x141.jpg 250w, https:\/\/www.montessoridetom.sk\/wp-content\/uploads\/2020\/08\/IMG_20190523_093343-100x56.jpg 100w, https:\/\/www.montessoridetom.sk\/wp-content\/uploads\/2020\/08\/IMG_20190523_093343.jpg 700w\" sizes=\"(max-width: 300px) 100vw, 300px\" \/><\/div><a class=\"wp-block-latest-posts__post-title\" href=\"https:\/\/www.montessoridetom.sk\/?p=1402\">De\u0148 otvoren\u00fdch dver\u00ed<\/a><time datetime=\"2026-03-30T20:41:52+02:00\" class=\"wp-block-latest-posts__post-date\">30. marca 2026<\/time><div class=\"wp-block-latest-posts__post-excerpt\">srde\u010dne V\u00e1s poz\u00fdvame na n\u00e1v\u0161tevu do na\u0161ej materskej \u0161koly d\u0148a 14. 04. 2026 (utorok) v \u010dase od 10:15h do 11:00h. Budete ma\u0165 mo\u017enos\u0165 nahliadnu\u0165 do priestorov triedy, sp\u00e1lne, \u0161atne a okolia. Dozviete sa o fungovan\u00ed det\u00ed v prostred\u00ed triedy, o [&hellip;]<\/div><\/li>\n<li><div class=\"wp-block-latest-posts__featured-image alignright\"><img loading=\"lazy\" decoding=\"async\" width=\"169\" height=\"300\" src=\"https:\/\/www.montessoridetom.sk\/wp-content\/uploads\/2025\/06\/IMG_20250129_072822197-scaled-e1749144947728-169x300.jpg\" class=\"attachment-medium size-medium wp-post-image\" alt=\"\" style=\"max-width:250px;max-height:250px;\" srcset=\"https:\/\/www.montessoridetom.sk\/wp-content\/uploads\/2025\/06\/IMG_20250129_072822197-scaled-e1749144947728-169x300.jpg 169w, https:\/\/www.montessoridetom.sk\/wp-content\/uploads\/2025\/06\/IMG_20250129_072822197-scaled-e1749144947728-576x1024.jpg 576w, https:\/\/www.montessoridetom.sk\/wp-content\/uploads\/2025\/06\/IMG_20250129_072822197-scaled-e1749144947728-768x1365.jpg 768w, https:\/\/www.montessoridetom.sk\/wp-content\/uploads\/2025\/06\/IMG_20250129_072822197-scaled-e1749144947728-864x1536.jpg 864w, https:\/\/www.montessoridetom.sk\/wp-content\/uploads\/2025\/06\/IMG_20250129_072822197-scaled-e1749144947728-1152x2048.jpg 1152w, https:\/\/www.montessoridetom.sk\/wp-content\/uploads\/2025\/06\/IMG_20250129_072822197-scaled-e1749144947728-700x1244.jpg 700w, https:\/\/www.montessoridetom.sk\/wp-content\/uploads\/2025\/06\/IMG_20250129_072822197-scaled-e1749144947728-520x924.jpg 520w, https:\/\/www.montessoridetom.sk\/wp-content\/uploads\/2025\/06\/IMG_20250129_072822197-scaled-e1749144947728-360x640.jpg 360w, https:\/\/www.montessoridetom.sk\/wp-content\/uploads\/2025\/06\/IMG_20250129_072822197-scaled-e1749144947728-250x444.jpg 250w, https:\/\/www.montessoridetom.sk\/wp-content\/uploads\/2025\/06\/IMG_20250129_072822197-scaled-e1749144947728-100x178.jpg 100w, https:\/\/www.montessoridetom.sk\/wp-content\/uploads\/2025\/06\/IMG_20250129_072822197-scaled-e1749144947728.jpg 1440w\" sizes=\"(max-width: 169px) 100vw, 169px\" \/><\/div><a class=\"wp-block-latest-posts__post-title\" href=\"https:\/\/www.montessoridetom.sk\/?p=1411\">\u0160kolsk\u00e9 ovocie<\/a><time datetime=\"2025-06-05T19:05:48+02:00\" class=\"wp-block-latest-posts__post-date\">5. j\u00fana 2025<\/time><div class=\"wp-block-latest-posts__post-excerpt\">V r\u00e1mci programu &#8220;\u0161kolsk\u00e9 ovocie&#8221; budeme spolu s de\u0165mi ochutn\u00e1va\u0165 a rozli\u0161ova\u0165 r\u00f4zne druhy ovocia, pripravova\u0165 n\u00e1poje, ovocn\u00e9 poh\u00e1re \u010di \u0161p\u00edzy. Ochutn\u00e1vka &#8220;PESTROS\u0164 OVOCIA&#8221; bude realizovan\u00e1 10. j\u00fana 2025 z prostriedkov E\u00da a Ministerstva p\u00f4dohospod\u00e1rstva a rozvoja vidieka SR. Ochutn\u00e1vka [&hellip;]<\/div><\/li>\n<li><div class=\"wp-block-latest-posts__featured-image alignright\"><img loading=\"lazy\" decoding=\"async\" width=\"300\" height=\"200\" src=\"https:\/\/www.montessoridetom.sk\/wp-content\/uploads\/2020\/08\/hura-do-skolky-300x200.jpg\" class=\"attachment-medium size-medium wp-post-image\" alt=\"\" style=\"max-width:250px;max-height:250px;\" srcset=\"https:\/\/www.montessoridetom.sk\/wp-content\/uploads\/2020\/08\/hura-do-skolky-300x200.jpg 300w, https:\/\/www.montessoridetom.sk\/wp-content\/uploads\/2020\/08\/hura-do-skolky-360x240.jpg 360w, https:\/\/www.montessoridetom.sk\/wp-content\/uploads\/2020\/08\/hura-do-skolky-250x167.jpg 250w, https:\/\/www.montessoridetom.sk\/wp-content\/uploads\/2020\/08\/hura-do-skolky-100x67.jpg 100w, https:\/\/www.montessoridetom.sk\/wp-content\/uploads\/2020\/08\/hura-do-skolky.jpg 450w\" sizes=\"(max-width: 300px) 100vw, 300px\" \/><\/div><a class=\"wp-block-latest-posts__post-title\" href=\"https:\/\/www.montessoridetom.sk\/?p=1347\">Z\u00e1pis det\u00ed do materskej \u0161koly na \u0161kolsk\u00fd rok 2025-2026<\/a><time datetime=\"2025-04-14T21:00:37+02:00\" class=\"wp-block-latest-posts__post-date\">14. apr\u00edla 2025<\/time><div class=\"wp-block-latest-posts__post-excerpt\">bude prebieha\u0165 d\u0148a 05. m\u00e1ja 2025 (pondelok) v \u010dase od 10:00h do 16:00h. Deti prij\u00edmame na z\u00e1klade \u017eiadosti o prijatie die\u0165a\u0165a. Je potrebn\u00e9, aby bola \u017eiados\u0165 podp\u00edsan\u00e1 oboma z\u00e1konn\u00fdmi z\u00e1stupcami. K \u017eiadosti je potrebn\u00e9 prilo\u017ei\u0165 potvrdenie od lek\u00e1ra. Prij\u00edmanie det\u00ed [&hellip;]<\/div><\/li>\n<li><div class=\"wp-block-latest-posts__featured-image alignright\"><img loading=\"lazy\" decoding=\"async\" width=\"300\" height=\"169\" src=\"https:\/\/www.montessoridetom.sk\/wp-content\/uploads\/2023\/03\/IMG_20220914_143735909-300x169.jpg\" class=\"attachment-medium size-medium wp-post-image\" alt=\"\" style=\"max-width:250px;max-height:250px;\" srcset=\"https:\/\/www.montessoridetom.sk\/wp-content\/uploads\/2023\/03\/IMG_20220914_143735909-300x169.jpg 300w, https:\/\/www.montessoridetom.sk\/wp-content\/uploads\/2023\/03\/IMG_20220914_143735909-1024x576.jpg 1024w, https:\/\/www.montessoridetom.sk\/wp-content\/uploads\/2023\/03\/IMG_20220914_143735909-768x432.jpg 768w, https:\/\/www.montessoridetom.sk\/wp-content\/uploads\/2023\/03\/IMG_20220914_143735909-1536x864.jpg 1536w, https:\/\/www.montessoridetom.sk\/wp-content\/uploads\/2023\/03\/IMG_20220914_143735909-2048x1152.jpg 2048w, https:\/\/www.montessoridetom.sk\/wp-content\/uploads\/2023\/03\/IMG_20220914_143735909-700x394.jpg 700w, https:\/\/www.montessoridetom.sk\/wp-content\/uploads\/2023\/03\/IMG_20220914_143735909-520x293.jpg 520w, https:\/\/www.montessoridetom.sk\/wp-content\/uploads\/2023\/03\/IMG_20220914_143735909-360x203.jpg 360w, https:\/\/www.montessoridetom.sk\/wp-content\/uploads\/2023\/03\/IMG_20220914_143735909-250x141.jpg 250w, https:\/\/www.montessoridetom.sk\/wp-content\/uploads\/2023\/03\/IMG_20220914_143735909-100x56.jpg 100w\" sizes=\"(max-width: 300px) 100vw, 300px\" \/><\/div><a class=\"wp-block-latest-posts__post-title\" href=\"https:\/\/www.montessoridetom.sk\/?p=1353\">Dve percent\u00e1<\/a><time datetime=\"2025-03-16T23:09:41+01:00\" class=\"wp-block-latest-posts__post-date\">16. marca 2025<\/time><div class=\"wp-block-latest-posts__post-excerpt\">Pote\u0161\u00ed n\u00e1s, ak podpor\u00edte na\u0161u \u010dinnos\u0165 2% z va\u0161ich dan\u00ed aj v tomto roku a to prostredn\u00edctvom n\u00e1\u0161ho ob\u010dianskeho zdru\u017eenia Montessori de\u0165om.\u00a0Predvyplnen\u00e9 tla\u010divo je pripraven\u00e9 v \u0161k\u00f4lke, pr\u00edpadne v\u00e1m po\u0161lem na e-mail. \u010eAKUJEME<\/div><\/li>\n<\/ul>\n\n\n<div style=\"height:64px\" aria-hidden=\"true\" class=\"wp-block-spacer\"><\/div>\n\n\n\n<p><\/p>\n","protected":false},"excerpt":{"rendered":"<p>Sme na ceste k Montessori&#8230; Sme \u0161t\u00e1tna matersk\u00e1 \u0161kola s Montessori pedagogikou. Na\u0161im poslan\u00edm je vytvori\u0165 pre deti podnetn\u00e9 prostredie, ktor\u00e9 podporuje sebad\u00f4veru a samostatnos\u0165, pon\u00faka die\u0165a\u0165u mo\u017enos\u0165 vybera\u0165 si aktivity a postupova\u0165 tak vlastn\u00fdm tempom v pokojnej atmosf\u00e9re. Chcem [&hellip;]<\/p>\n","protected":false},"author":1,"featured_media":0,"parent":0,"menu_order":0,"comment_status":"closed","ping_status":"closed","template":"page-templates\/page_builder.php","meta":{"inline_featured_image":false,"footnotes":""},"class_list":["post-675","page","type-page","status-publish","hentry","clearfix"],"yoast_head":"<!-- This site is optimized with the Yoast SEO plugin v23.6 - https:\/\/yoast.com\/wordpress\/plugins\/seo\/ -->\n<title>Domovsk\u00e1 str\u00e1nka - Matersk\u00e1 \u0161kola Senick\u00e1 cesta - Montessori De\u0165om<\/title>\n<meta name=\"robots\" content=\"index, follow, max-snippet:-1, max-image-preview:large, max-video-preview:-1\" \/>\n<link rel=\"canonical\" href=\"https:\/\/www.montessoridetom.sk\/\" \/>\n<meta property=\"og:locale\" content=\"sk_SK\" \/>\n<meta property=\"og:type\" content=\"article\" \/>\n<meta property=\"og:title\" content=\"Domovsk\u00e1 str\u00e1nka - Matersk\u00e1 \u0161kola Senick\u00e1 cesta - Montessori De\u0165om\" \/>\n<meta property=\"og:description\" content=\"Sme na ceste k Montessori&#8230; Sme \u0161t\u00e1tna matersk\u00e1 \u0161kola s Montessori pedagogikou. Na\u0161im poslan\u00edm je vytvori\u0165 pre deti podnetn\u00e9 prostredie, ktor\u00e9 podporuje sebad\u00f4veru a samostatnos\u0165, pon\u00faka die\u0165a\u0165u mo\u017enos\u0165 vybera\u0165 si aktivity a postupova\u0165 tak vlastn\u00fdm tempom v pokojnej atmosf\u00e9re. Chcem [&hellip;]\" \/>\n<meta property=\"og:url\" content=\"https:\/\/www.montessoridetom.sk\/\" \/>\n<meta property=\"og:site_name\" content=\"Matersk\u00e1 \u0161kola Senick\u00e1 cesta - Montessori De\u0165om\" \/>\n<meta property=\"article:modified_time\" content=\"2024-10-09T13:31:11+00:00\" \/>\n<meta property=\"og:image\" content=\"https:\/\/www.montessoridetom.sk\/wp-content\/uploads\/2020\/05\/md_bg-e1598873839798.jpg\" \/>\n<meta name=\"twitter:card\" content=\"summary_large_image\" \/>\n<meta name=\"twitter:label1\" content=\"Predpokladan\u00fd \u010das \u010d\u00edtania\" \/>\n\t<meta name=\"twitter:data1\" content=\"1 min\u00fata\" \/>\n<script type=\"application\/ld+json\" class=\"yoast-schema-graph\">{\"@context\":\"https:\/\/schema.org\",\"@graph\":[{\"@type\":\"WebPage\",\"@id\":\"https:\/\/www.montessoridetom.sk\/\",\"url\":\"https:\/\/www.montessoridetom.sk\/\",\"name\":\"Domovsk\u00e1 str\u00e1nka - Matersk\u00e1 \u0161kola Senick\u00e1 cesta - Montessori De\u0165om\",\"isPartOf\":{\"@id\":\"https:\/\/www.montessoridetom.sk\/#website\"},\"primaryImageOfPage\":{\"@id\":\"https:\/\/www.montessoridetom.sk\/#primaryimage\"},\"image\":{\"@id\":\"https:\/\/www.montessoridetom.sk\/#primaryimage\"},\"thumbnailUrl\":\"https:\/\/www.montessoridetom.sk\/wp-content\/uploads\/2020\/05\/md_bg-e1598873839798.jpg\",\"datePublished\":\"2020-08-31T11:58:28+00:00\",\"dateModified\":\"2024-10-09T13:31:11+00:00\",\"breadcrumb\":{\"@id\":\"https:\/\/www.montessoridetom.sk\/#breadcrumb\"},\"inLanguage\":\"sk-SK\",\"potentialAction\":[{\"@type\":\"ReadAction\",\"target\":[\"https:\/\/www.montessoridetom.sk\/\"]}]},{\"@type\":\"ImageObject\",\"inLanguage\":\"sk-SK\",\"@id\":\"https:\/\/www.montessoridetom.sk\/#primaryimage\",\"url\":\"https:\/\/www.montessoridetom.sk\/wp-content\/uploads\/2020\/05\/md_bg-e1598873839798.jpg\",\"contentUrl\":\"https:\/\/www.montessoridetom.sk\/wp-content\/uploads\/2020\/05\/md_bg-e1598873839798.jpg\"},{\"@type\":\"BreadcrumbList\",\"@id\":\"https:\/\/www.montessoridetom.sk\/#breadcrumb\",\"itemListElement\":[{\"@type\":\"ListItem\",\"position\":1,\"name\":\"Home\",\"item\":\"https:\/\/www.montessoridetom.sk\/\"},{\"@type\":\"ListItem\",\"position\":2,\"name\":\"Domovsk\u00e1 str\u00e1nka\"}]},{\"@type\":\"WebSite\",\"@id\":\"https:\/\/www.montessoridetom.sk\/#website\",\"url\":\"https:\/\/www.montessoridetom.sk\/\",\"name\":\"Matersk\u00e1 \u0161kola Senick\u00e1 cesta - Montessori De\u0165om\",\"description\":\"\",\"publisher\":{\"@id\":\"https:\/\/www.montessoridetom.sk\/#organization\"},\"potentialAction\":[{\"@type\":\"SearchAction\",\"target\":{\"@type\":\"EntryPoint\",\"urlTemplate\":\"https:\/\/www.montessoridetom.sk\/?s={search_term_string}\"},\"query-input\":{\"@type\":\"PropertyValueSpecification\",\"valueRequired\":true,\"valueName\":\"search_term_string\"}}],\"inLanguage\":\"sk-SK\"},{\"@type\":\"Organization\",\"@id\":\"https:\/\/www.montessoridetom.sk\/#organization\",\"name\":\"Matersk\u00e1 \u0161kola Senick\u00e1 cesta - Montessori De\u0165om\",\"url\":\"https:\/\/www.montessoridetom.sk\/\",\"logo\":{\"@type\":\"ImageObject\",\"inLanguage\":\"sk-SK\",\"@id\":\"https:\/\/www.montessoridetom.sk\/#\/schema\/logo\/image\/\",\"url\":\"https:\/\/www.montessoridetom.sk\/wp-content\/uploads\/2020\/07\/cropped-Frame-2.jpeg\",\"contentUrl\":\"https:\/\/www.montessoridetom.sk\/wp-content\/uploads\/2020\/07\/cropped-Frame-2.jpeg\",\"width\":200,\"height\":80,\"caption\":\"Matersk\u00e1 \u0161kola Senick\u00e1 cesta - Montessori De\u0165om\"},\"image\":{\"@id\":\"https:\/\/www.montessoridetom.sk\/#\/schema\/logo\/image\/\"}}]}<\/script>\n<!-- \/ Yoast SEO plugin. -->","yoast_head_json":{"title":"Domovsk\u00e1 str\u00e1nka - Matersk\u00e1 \u0161kola Senick\u00e1 cesta - Montessori De\u0165om","robots":{"index":"index","follow":"follow","max-snippet":"max-snippet:-1","max-image-preview":"max-image-preview:large","max-video-preview":"max-video-preview:-1"},"canonical":"https:\/\/www.montessoridetom.sk\/","og_locale":"sk_SK","og_type":"article","og_title":"Domovsk\u00e1 str\u00e1nka - Matersk\u00e1 \u0161kola Senick\u00e1 cesta - Montessori De\u0165om","og_description":"Sme na ceste k Montessori&#8230; Sme \u0161t\u00e1tna matersk\u00e1 \u0161kola s Montessori pedagogikou. Na\u0161im poslan\u00edm je vytvori\u0165 pre deti podnetn\u00e9 prostredie, ktor\u00e9 podporuje sebad\u00f4veru a samostatnos\u0165, pon\u00faka die\u0165a\u0165u mo\u017enos\u0165 vybera\u0165 si aktivity a postupova\u0165 tak vlastn\u00fdm tempom v pokojnej atmosf\u00e9re. Chcem [&hellip;]","og_url":"https:\/\/www.montessoridetom.sk\/","og_site_name":"Matersk\u00e1 \u0161kola Senick\u00e1 cesta - Montessori De\u0165om","article_modified_time":"2024-10-09T13:31:11+00:00","og_image":[{"url":"https:\/\/www.montessoridetom.sk\/wp-content\/uploads\/2020\/05\/md_bg-e1598873839798.jpg"}],"twitter_card":"summary_large_image","twitter_misc":{"Predpokladan\u00fd \u010das \u010d\u00edtania":"1 min\u00fata"},"schema":{"@context":"https:\/\/schema.org","@graph":[{"@type":"WebPage","@id":"https:\/\/www.montessoridetom.sk\/","url":"https:\/\/www.montessoridetom.sk\/","name":"Domovsk\u00e1 str\u00e1nka - Matersk\u00e1 \u0161kola Senick\u00e1 cesta - Montessori De\u0165om","isPartOf":{"@id":"https:\/\/www.montessoridetom.sk\/#website"},"primaryImageOfPage":{"@id":"https:\/\/www.montessoridetom.sk\/#primaryimage"},"image":{"@id":"https:\/\/www.montessoridetom.sk\/#primaryimage"},"thumbnailUrl":"https:\/\/www.montessoridetom.sk\/wp-content\/uploads\/2020\/05\/md_bg-e1598873839798.jpg","datePublished":"2020-08-31T11:58:28+00:00","dateModified":"2024-10-09T13:31:11+00:00","breadcrumb":{"@id":"https:\/\/www.montessoridetom.sk\/#breadcrumb"},"inLanguage":"sk-SK","potentialAction":[{"@type":"ReadAction","target":["https:\/\/www.montessoridetom.sk\/"]}]},{"@type":"ImageObject","inLanguage":"sk-SK","@id":"https:\/\/www.montessoridetom.sk\/#primaryimage","url":"https:\/\/www.montessoridetom.sk\/wp-content\/uploads\/2020\/05\/md_bg-e1598873839798.jpg","contentUrl":"https:\/\/www.montessoridetom.sk\/wp-content\/uploads\/2020\/05\/md_bg-e1598873839798.jpg"},{"@type":"BreadcrumbList","@id":"https:\/\/www.montessoridetom.sk\/#breadcrumb","itemListElement":[{"@type":"ListItem","position":1,"name":"Home","item":"https:\/\/www.montessoridetom.sk\/"},{"@type":"ListItem","position":2,"name":"Domovsk\u00e1 str\u00e1nka"}]},{"@type":"WebSite","@id":"https:\/\/www.montessoridetom.sk\/#website","url":"https:\/\/www.montessoridetom.sk\/","name":"Matersk\u00e1 \u0161kola Senick\u00e1 cesta - Montessori De\u0165om","description":"","publisher":{"@id":"https:\/\/www.montessoridetom.sk\/#organization"},"potentialAction":[{"@type":"SearchAction","target":{"@type":"EntryPoint","urlTemplate":"https:\/\/www.montessoridetom.sk\/?s={search_term_string}"},"query-input":{"@type":"PropertyValueSpecification","valueRequired":true,"valueName":"search_term_string"}}],"inLanguage":"sk-SK"},{"@type":"Organization","@id":"https:\/\/www.montessoridetom.sk\/#organization","name":"Matersk\u00e1 \u0161kola Senick\u00e1 cesta - Montessori De\u0165om","url":"https:\/\/www.montessoridetom.sk\/","logo":{"@type":"ImageObject","inLanguage":"sk-SK","@id":"https:\/\/www.montessoridetom.sk\/#\/schema\/logo\/image\/","url":"https:\/\/www.montessoridetom.sk\/wp-content\/uploads\/2020\/07\/cropped-Frame-2.jpeg","contentUrl":"https:\/\/www.montessoridetom.sk\/wp-content\/uploads\/2020\/07\/cropped-Frame-2.jpeg","width":200,"height":80,"caption":"Matersk\u00e1 \u0161kola Senick\u00e1 cesta - Montessori De\u0165om"},"image":{"@id":"https:\/\/www.montessoridetom.sk\/#\/schema\/logo\/image\/"}}]}},"_links":{"self":[{"href":"https:\/\/www.montessoridetom.sk\/index.php?rest_route=\/wp\/v2\/pages\/675"}],"collection":[{"href":"https:\/\/www.montessoridetom.sk\/index.php?rest_route=\/wp\/v2\/pages"}],"about":[{"href":"https:\/\/www.montessoridetom.sk\/index.php?rest_route=\/wp\/v2\/types\/page"}],"author":[{"embeddable":true,"href":"https:\/\/www.montessoridetom.sk\/index.php?rest_route=\/wp\/v2\/users\/1"}],"replies":[{"embeddable":true,"href":"https:\/\/www.montessoridetom.sk\/index.php?rest_route=%2Fwp%2Fv2%2Fcomments&post=675"}],"version-history":[{"count":6,"href":"https:\/\/www.montessoridetom.sk\/index.php?rest_route=\/wp\/v2\/pages\/675\/revisions"}],"predecessor-version":[{"id":1399,"href":"https:\/\/www.montessoridetom.sk\/index.php?rest_route=\/wp\/v2\/pages\/675\/revisions\/1399"}],"wp:attachment":[{"href":"https:\/\/www.montessoridetom.sk\/index.php?rest_route=%2Fwp%2Fv2%2Fmedia&parent=675"}],"curies":[{"name":"wp","href":"https:\/\/api.w.org\/{rel}","templated":true}]}}